 5*n = r + 9. Let a(v) = 1. Let t(y) = -y + 4. Let j(b) = -5*a(b) + t(b). Calculate j(n).
-5
Let b(x) = x**2 - x - 5. Let v(a) = 3*a**2 + a + 1. Let m be v(-1). Let f be (6/m - 2)/(-3). Suppose -y + 2*y = f. Give b(y).
-5
Let y(t) be the second derivative of t**4/6 + t**3/2 + 3*t**2/2 - 194*t. Suppose 1 = -2*f + c, -4*f + 5*c + 3 + 4 = 0. What is y(f)?
5
Let r(z) = -6*z**2 + 6*z. Let v(u) = u**3 + 7*u**2 - 7*u. Let h(j) = 6*r(j) + 5*v(j). Give h(1).
5
Let n(z) = z - 2. Suppose 0 = 3*q + 3*l - 24, 3*q - 2*l = -0*l + 4. Suppose -4*o + 8*o = 20. Suppose -x + 3*c + 9 = 0, -x = -q*x + c - o. Determine n(x).
-5
Let a(b) = -b**2 - 6*b. Let g = -8 + 2. What is a(g)?
0
Suppose -8*k + 3*k = -10. Let t(m) = 0*m**2 - k + 2*m**2 - m**2. Determine t(-3).
7
Let s be ((-2)/2)/(1/(-3)). Let o(q) = -4 - 3*q + 10 + 11*q. Let x(b) = 7*b + 5. Let c(n) = -5*o(n) + 6*x(n). Give c(s).
6
Let z(h) = 6*h**2 - 120*h**3 - 121*h**3 + 242*h**3 - 1 - h. Suppose 3*v + 0*v + 18 = 0. Calculate z(v).
5
Let y(r) = r - 15. Let k be y(11). Let v(h) = -h**2 - h + 3. Determine v(k).
-9
Suppose 0 = 3*i - 4*c + 10, -i - c - 25 = i. Let v = -6 - i. Let o be 4/3 - v/12. Let n(r) = -r. Give n(o).
-1
Let b(w) = w**3 - 2*w**2 - 3*w - 1. Suppose 0 = 4*h - h - 48. Let k be h/10 + 2/5. Suppose -k*r + 12 = 2*r. Determine b(r).
-1
Let f(q) = q**3 - 7*q**2 + 7*q - 4. Let j(s) = s - 9*s**2 - 6*s**2 - 3 + 17*s**2 - 4*s. Let p be j(3). Give f(p).
2
Let a(c) = c**2 - 5. Suppose -5*b + 0 + 15 = 0. Suppose -2*n + 2*t + 13 = -b*t, -5*n + 3*t = -23. Let u(m) = -m**2 + 6. Let s(v) = n*a(v) + 3*u(v). Give s(-2).
2
Let g(a) = 4*a - 2. Suppose j = -5*i + 29, 2*i - 6*j + 10 = -j. Let m = 8 - i. Suppose -4*y + m + 5 = 0. What is g(y)?
6
Let l(c) = 3*c. Let z(x) = -10*x. Let y(u) = -7*l(u) - 2*z(u). What is y(-4)?
4
Let k = -20 - -31. Let u(b) = b - 10. Calculate u(k).
1
Let y(n) be the first derivative of -10*n**3/3 + n**2/2 + 2. Suppose 0 = 5*u - 1 - 4. Calculate y(u).
-9
Suppose 3*b + 5 = 20. Suppose 3*y + 2*y + b*q - 25 = 0, -q + 13 = 3*y. Suppose -2 = a - y. Let k(s) = 2*s + 2. Calculate k(a).
6
Let s be -8*1 - 2*-1. Let y(w) be the third derivative of -w**6/120 - w**5/10 + 2*w**3/3 + 9*w**2. What is y(s)?
4
Let h(z) = -z**2 - 5*z - 3. Let s be h(-4). Let t(j) = 2 - 8 + j**2 - 7*j - s. What is t(7)?
-7
Let s be (-316)/(-28) + (-2)/7. Let b be (-13)/s - 2/(-11). Let q(p) be the second derivative of -3*p**4/4 - p**3/6 - p**2/2 + p. Calculate q(b).
-9
Let u(k) = -k + 9. Suppose -3*x - 37 - 8 = -5*d, -3*d + 46 = 2*x. Let c be u(d). Let l(o) = -o**2 - 2*o. Determine l(c).
-3
Let g(h) be the second derivative of -h**4/12 + 4*h**3/3 - 7*h**2/2 + 25*h. What is g(7)?
0
Let m(u) = 6*u + 2. Suppose -5*a - 27 = 2*o - 5*o, 3*a + 2*o + 1 = 0. Give m(a).
-16
Suppose 7*y - 2*y + 30 = 0. Let z(v) = -v**3 - 5*v**2 + 6*v + 1. What is z(y)?
1
Let s(p) = -3*p + 23*p**2 + 16 + 23*p**2 + 13*p - 47*p**2. Give s(11).
5
Let m be (-14)/(-2) - (1 + 0). Let t(y) = 38 - 39 - m*y - 7*y. What is t(1)?
-14
Suppose 3*k - 12 = -3*h, -k + 0 = -h - 2. Suppose 16 = 4*d, 2*b + 27 - 11 = 5*d. Let w(s) = -7*s + 2*s**b + 7*s. Calculate w(h).
2
Let a(f) = -6*f**3 + 2*f - 1. Let k(i) be the third derivative of -i**4/24 - 13*i**3/6 + 3*i**2. Let o be k(-10). Let w be (-4)/2 - 0 - o. What is a(w)?
-5
Suppose 5*h = 7*h - 4. Let q(y) be the second derivative of -1/12*y**4 + 3/2*y**h + 0 + 4*y + 1/2*y**3. Calculate q(3).
3
Suppose -2*a + 3*a - 4*l = -13, 3*a = 4*l - 7. Suppose 5*w - 5 = 0, 14 = -a*d + w + 4*w. Let s(n) = -n**3 - 3*n**2 + 2*n - 1. Calculate s(d).
-7
Let q(j) = -j**2 - j + 1. Let n(x) = -x**3 + 7*x**2 - 6*x. Let d be n(6). Suppose d = -m + 1 + 2. Calculate q(m).
-11
Let p = 3 - 1. Let b(d) be the first derivative of -d**5/60 + d**4/8 - d**3/3 - d**2 - 2. Let o(k) be the second derivative of b(k). Calculate o(p).
0
Let b(h) be the first derivative of h**4/4 - 5*h**3/3 + 2*h**2 - 4*h + 16. Let l = 10 - 6. What is b(l)?
-4
Let c be (6/(-4) - -1)*-4. Let s(p) = -3*p - c + 2*p + 8. Let q(v) = -v**2 - 20*v - 64. Let m be q(-16). Calculate s(m).
6
Let y(w) = w**2 + 4*w + 1. Let o be 10/(-3)*(-3)/2. Suppose -n + 2*n - o*k = 0, -3*k + 2 = -n. Calculate y(n).
6
Suppose -5*c + 34 = -r, 2*r = -c - 0*c - 2. Let k(i) = i**2 - 6*i - 3. Give k(c).
-3
Let s(y) be the second derivative of y**5/20 + 5*y**4/12 - y**3 + 3*y**2 - 10*y. Calculate s(-6).
6
Suppose -4*z = -3 + 27. Let j(w) be the first derivative of -w**4/12 - 4*w**3/3 - 3*w**2/2 - 2*w - 2. Let u(m) be the first derivative of j(m). What is u(z)?
9
Let o(r) = -2*r + 1 - 3*r + 4*r + 0*r. Suppose -4*x + 8*x = 20. Calculate o(x).
-4
Let u(j) = j - 4. Let t be u(6). Let n(i) = t - 3*i + 3*i - i. Calculate n(-4).
6
Suppose 0 = 3*u - u. Suppose 2*l - 2 = -u. Let m(f) = 2*f**2 - 62*f - 1 + 64*f + 3*f**2. Give m(l).
6
Let v(q) be the first derivative of -2*q**4 + q**3/3 - q**2/2 - 3. Suppose -2*u + 0 = -d - 3, 0 = -u - 4*d - 3. What is v(u)?
-8
Let w(r) = -r**2 + 12*r - 12. Let n(q) = q - 1. Let s(z) = -22*n(z) + 2*w(z). Determine s(2).
-6
Let z(g) = 5 + 5 - g**2 + 8*g**3 - 9. Give z(1).
8
Let l(j) = -j**2 + 5*j + 3. Let g = 10 + -16. Let t = 12 + g. Give l(t).
-3
Suppose -6*l + l = -2*s + 18, 2*l = -4. Suppose -s*v + 11 = 5*u, 0 = 4*v - 4*u - 2 + 18. Let m(y) = 1 - 3 - 5*y**3 + 3 - y**2. Determine m(v).
5
Let o(b) be the third derivative of 0 - 1/3*b**3 + 1/12*b**4 + 5*b**2 + 0*b - 1/30*b**5. What is o(3)?
-14
Let y(d) = -4*d**3 + 8*d**2 - 11*d. Let t(b) = -2*b**3 + 4*b**2 - 5*b. Let q(u) = 7*t(u) - 3*y(u). Let r be (6/(-5))/((-6)/(-20)). Let i = r - -6. What is q(i)?
-4
Let l(b) = 2*b**2 - b - 1. Let d be l(-1). Let h(u) = u. What is h(d)?
2
Let k(n) be the third derivative of 2*n**2 + 1/24*n**4 + 0*n + 0 - 1/3*n**3 + 1/120*n**5. Let j(g) be the first derivative of k(g). What is j(-2)?
-1
Suppose -16 = 2*m + 14. Let q = 22 + m. Let t(i) = 0*i**2 - 4*i**3 + 5*i**3 + 3*i**2 - q*i**2 - 5. Calculate t(4).
-5
Let z(l) = -l**3 - 4*l**2 + l + 2. Let o be -1 + 1 + 1 - -3. Suppose -3*w + 3*h = 18, 5*h = -4*w + o - 1. What is z(w)?
-10
Let q(t) = -3*t - 5. Suppose -2*h + r - 3 + 11 = 0, 3*h - r = 11. Suppose 8 + 4 = -h*p. Give q(p).
7
Let j(k) be the second derivative of k**5/120 + k**4/24 - k**3/6 + 3*k. Let z(u) be the second derivative of j(u). Determine z(4).
5
Suppose -2*n + 5 = 5*a, -1 - 5 = 3*n + 3*a. Let v(y) be the second derivative of y**3/6 - 7*y**2/2 - 17*y. What is v(n)?
-12
Suppose 13*i + 74 = -4. Let l(z) = -z**3 - 6*z**2 - 4*z - 5. Determine l(i).
19
Let t(p) = -p**3 - 2*p**2 + 4*p + 4. Suppose 0 = k - 1 - 2. Suppose -k*l - 8 = 1. Give t(l).
1
Suppose -4*d = -3*y - 2*y + 2, 6 = 2*d + y. Let a(f) = -2*f + d*f + 5 - f. Give a(4).
1
Let a(f) = -5 + 4*f + 4 + 3. Let x(w) = -4*w - 3. Let p(t) = 3*a(t) + 2*x(t). Suppose -4*b + h + 1 = 4*h, 5*b + 5*h = 0. Give p(b).
4
Let k(z) = -4*z**3 + 2*z**2 + 2*z + 1. Suppose 2*w = -w - 5*h + 1, 2*h - 6 = -4*w. Suppose 3*l - l = -w. Determine k(l).
5
Let y(o) = -3 - 2*o - 2 - o + 4*o. Suppose 2*j + 3 = -3*u + 2*u, -2*j + 4*u - 28 = 0. Let v be 84/16 + 1/j. Determine y(v).
0
Let t(x) = 5*x**2. Let f be (-1)/(2 + 28/(-12)). Suppose 1 = -s - f*g, 0 = -g + 6*g. What is t(s)?
5
Let f(o) = -22*o - 20. Let z(n) = 10*n + 10. Let y(m) = 6*f(m) + 13*z(m). Give y(6).
-2
Let h(s) be the third derivative of s**8/10080 - s**7/1260 - s**5/20 - 3*s**2. Let n(x) be the third derivative of h(x). What is n(3)?
6
Let h = 15 - 15. Let w(p) = p**2 + p + 2. Give w(h).
2
Let k(r) = r**2 - 4*r + 2. Let m(n) = n. Let o(z) = k(z) + m(z). Let h be o(3). Let d(u) = -6*u + 2. Calculate d(h).
-10
Let z(x) = x**2 + 1. Let a(w) = 4*w**2 + 3*w - 1. Let t(c) = a(c) - 3*z(c). Calculate t(-3).
-4
Let q be 8/6*3/2. Let y(n) = n + q*n**2 - 2 + 0*n**3 - 5*n**2 + 2*n**3. Suppose -4*g = -8, -2*i - g - 2 = -4*g. Give y(i).
4
Suppose -4*i + 4 = 4*m, -2*m + 3*m = -4*i - 11. Suppose 0*u - 3 = -5*z + 2*u, 4*z = m*u - 1. Let r(c) = 4*c**3 - 3*c**3 - 2*c**3 - z. Give r(1).
-2
Let l be (-22)/77 - 44/(-7). Let x(g) = g. Give x(l).
6
Let a(s) be the first derivative of -2*s**3/3 + 3*s**2 - 2. Let t be 38/6 + -2 + 5/(-15). Give a(t).
-8
Let k = 42 + -36. Let b(z) = z**3 - 7*z**2 + 5*z + 4. Calculate b(k).
-2
Let p(o) = -5*o - 4. Let b be p(4). Let t be ((-30)/b)/((-2)/(-8)). Let z(v) = -2*v - 6. Give z(t).
-16
Let